ose 5*g - 37 = -2*l, 0 = 4*l + 5*g - 1 - 48. What are the prime factors of ((-3)/(-12)*l)/((-3)/(-404))?
2, 101
Let a be 424 + (11 + 5)/4. Let f = a - 257. What are the prime factors of f?
3, 19
Let z = 118808 + -64486. What are the prime factors of z?
2, 157, 173
Let t = -284 + 312. Suppose -2*x - 3458 = -t*x. List the prime factors of x.
7, 19
Suppose 2*o = -5*i + 2836, -15*o = -20*o - i + 7067. What are the prime factors of o?
3, 157
Suppose 5*a = -24*k + 23*k + 73945, -4*a - 2*k + 59162 = 0. What are the prime factors of a?
2, 3697
Let g(p) = 161*p**2 - 216*p - 81. List the prime factors of g(10).
13859
Suppose -43*q + 1737492 = -328099. List the prime factors of q.
11, 397
Let g be -6 + (6/1 - -277). Suppose -2*r + 765 = l + 238, -r + 4*l = -g. List the prime factors of r.
5, 53
What are the prime factors of (-16 + 23 - 5)*-1*(-33522)/4?
3, 37, 151
Let s = -554 - -580. Suppose 0 = 9*a + s*a - 37415. What are the prime factors of a?
1069
Let s be 3*(-1 - (2 + -4)). Suppose i + s*r - r - 124 = 0, -i + 124 = -4*r. What are the prime factors of ((-12)/8)/((-3)/i)?
2, 31
Let m = -34435 + 58195. What are the prime factors of m?
2, 3, 5, 11
Let b(y) = 879*y + 4430. What are the prime factors of b(5)?
5, 353
Let x = 132 + -123. Let s(m) = 2*m**2 - 7*m - 2. List the prime factors of s(x).
97
Suppose -3*m + 4*a = -0*m + 14, 0 = -m - 2*a + 12. Suppose -m*w + 0*w = s + 510, 514 = -2*w - 3*s. List the prime factors of 1 - 0 - w/6*3.
2
Let s = -16484 + 24444. List the prime factors of s.
2, 5, 199
Let n be (-10)/45 - (-237)/(-27). Let f be 10*(-2)/(12/n). What are the prime factors of 8/20*f/1?
2, 3
Suppose 3*t + 8 = n, -n + 4*t = -3*n + 16. Suppose 0 = n*p - 4*p. Suppose 0*r + 2*r - 212 = p. What are the prime factors of r?
2, 53
Let d = -266 - -271. Suppose s + d*k - 9*k = 130, 5*s = -4*k + 578. What are the prime factors of s?
2, 59
Let b(q) = -18*q**3 + 2*q**2 + q. Let t be b(-1). Suppose 4*d - 2415 = -t*d. List the prime factors of d.
3, 5, 7
Let z = 24189 - 13018. List the prime factors of z.
11171
Suppose -2*s + 4 = -3*r + 108, -4*r = 5*s - 131. Let d(n) = -4*n + 13 + 14*n + 6 - r. What are the prime factors of d(7)?
5, 11
Let y = 47 - 45. Suppose 13 = -k + 5*h, y*k = -k + 2*h + 13. Suppose 0 = 3*o - 15, 4*o = z - 26 - k. List the prime factors of z.
53
Let z = -2470 - -2559. List the prime factors of z.
89
Let r(h) = -h**3 - 16*h**2 - 16*h - 8. Let k be r(-9). List the prime factors of (-5 - k - -6) + -3.
3, 11, 13
Let p(c) = 83*c**2 - 55*c + 9. List the prime factors of p(9).
3, 7, 11
Let t(v) = 8*v**2 - 10*v + 8. Let x be t(4). Let z = -93 + x. Suppose -3*u - 3 = -2*u, z*f - 4*u = 726. What are the prime factors of f?
2, 7, 17
Let y(f) = 7*f + 210. Let m be y(7). Suppose -m = 5*d - 6*d. What are the prime factors of d?
7, 37
Suppose -7*j + 11 = -3. Suppose 514 = 4*l + p - 284, j*l - 394 = 2*p. What are the prime factors of l?
199
Suppose 7 = -4*p + 11. Let o be 5/(-10)*(-1 - -35). What are the prime factors of (-2 - p) + (50 - o)?
2
List the prime factors of (-4)/46 + (4 - (-1454846)/46) - 1.
2, 5, 3163
Let p(y) = 37*y - 32. Let n be p(14). Let r = n - 215. List the prime factors of r.
271
What are the prime factors of (52773/7 - -7) + 4?
2, 5, 151
Let y be (-4)/24 + 295/90*-3. List the prime factors of (-36261)/(-306)*(-1 - y/6).
79
Let n = 7614 + -4826. List the prime factors of n.
2, 17, 41
Let g = 9876 - 6554. What are the prime factors of g?
2, 11, 151
Let d(l) = 29*l + 65. Let f(v) = 28*v + 66. Let z(w) = 28*w + 66. Let k(x) = -6*f(x) + 5*z(x). Let o(i) = 3*d(i) + 4*k(i). List the prime factors of o(-10).
181
Suppose 4*c + 3*r + 237 = 0, -2*r = -3*c + 2*r - 184. Let v be (c/35)/(1/(-14)). Suppose 3*l = -0*l + v. List the prime factors of l.
2
Suppose 7*o + 10 = 3. Let m(h) be the second derivative of 10*h**4 - h**3/2 - h**2 + 8*h. What are the prime factors of m(o)?
11
Suppose -296206 = 75*d - 104*d. What are the prime factors of d?
2, 5107
Suppose -314*l - 332*l = -621*l - 469000. What are the prime factors of l?
2, 5, 7, 67
Suppose 36*j - 16 = 38*j. Let f be 148/18 + j/36. Let y = f - -36. List the prime factors of y.
2, 11
Let p = 24 - 22. Let w be (5885/75)/(-11) + p/15. Let g(f) = 2*f**2 + 2*f + 15. List the prime factors of g(w).
3, 11
Suppose -339313 + 1410444 = 97*q - 1789981. What are the prime factors of q?
2, 3, 1229
Let y = -70297 - -130583. List the prime factors of y.
2, 43, 701
Suppose 0 = -3*z - 4*o + 24300 + 5247, 3*z + o = 29547. List the prime factors of z.
3, 7, 67
Let p(k) = -1037*k - 1411. What are the prime factors of p(-17)?
2, 3, 17, 53
Suppose -15*k = -k - 42. Suppose -k*b = -g - 188, -5*b + 5*g + 184 = -2*b. What are the prime factors of b?
3, 7
Suppose 9*i + 60*i + 16*i - 2216120 = 0. What are the prime factors of i?
2, 3259
Suppose -5*w = -3*o - 153383, 108*w - 106*w + 5*o = 61378. List the prime factors of w.
11, 2789
Let h(a) = -a**2 + 22*a - 15. Let u be h(21). Suppose u*v = 10*v + 2*l + 74, -2*v = -2*l + 46. Let z = v - -25. List the prime factors of z.
5
Let x(y) = -y**3 - 7*y**2 + 11*y + 10. Let c(f) = 4*f - 22. Let w be c(5). Let a = w + -7. List the prime factors of x(a).
73
Suppose -a + 33038 = 3*l + 9311, 5*l = a - 23767. What are the prime factors of a?
2, 3, 1319
Suppose -2*g + 2 = -4. Suppose -6*r + s - 2 = -7*r, -4*r + 3*s = -29. Suppose -g*w = a + 3*a - 279, r*a + 252 = 3*w. List the prime factors of w.
89
Let f(c) = 5*c - 89. Let s be f(20). Let l(i) = 2*i**2 - 16*i + 39. List the prime factors of l(s).
3, 5, 7
Suppose -169*h = -162*h. Suppose 2*i + 50 = 3*d - d, -2*d + 4*i + 48 = h. List the prime factors of d.
2, 13
Suppose 7*w = 41*w - 20252 - 7730. List the prime factors of w.
823
Suppose -428 = 4*s - 144. Let d = 62 + 93. Let g = d + s. List the prime factors of g.
2, 3, 7
Suppose 0 = -h - 37*q + 35*q + 4818, -4827 = -h - 5*q. What are the prime factors of h?
2, 3, 401
Let c be 2/2*564 - (7 - 3). Suppose -5*s = -10*s - c. List the prime factors of 3 + 39/(-13) + s/(-2).
2, 7
Suppose -6*h = 2*b - h - 626, 2*b - 5*h = 586. Let n = 1017 - b. List the prime factors of n.
2, 3, 7, 17
Suppose -1382*g = -1552*g + 12258700. List the prime factors of g.
2, 5, 7211
Let y(d) be the second derivative of 2*d**4/3 - 3*d**2 + 12*d. Let n be y(2). Let t = n + 31. List the prime factors of t.
3, 19
Let q(p) = 311*p**3 + 4*p**2 + 9*p - 26. What are the prime factors of q(3)?
2, 4217
Let g = 11884 - 7680. List the prime factors of g.
2, 1051
Suppose 7*v = 11*v - 2*l - 48414, -v + 12105 = l. What are the prime factors of v/24 + (-6)/18?
2, 3, 7
Let x(b) = 10*b**2 - 28*b - 79. Let p be x(-14). Suppose 19*r - p - 577 = 0. List the prime factors of r.
2, 3, 5
Let z be (46/(-8) + 2)/(6/(-16)). Let f be 5/(-25) - (-1 - 4202/z). Suppose -4*l = -f + 61. List the prime factors of l.
2, 3, 5
Let i = 4725 - -33709. List the prime factors of i.
2, 11, 1747
Suppose -2*y - 3*m + 185 = 20, 0 = -3*y - 2*m + 250. Let t = 263 + y. List the prime factors of t.
347
Let d(j) = -4*j. Let z be d(-1). Suppose 5 = -3*f + z*f. Suppose 5 - 75 = -f*n. What are the prime factors of n?
2, 7
Let k = -3534 - -6767. List the prime factors of k.
53, 61
Let s(p) be the first derivative of -p**4/4 - 5*p**3/3 - 5*p**2/2 + p - 164. What are the prime factors of s(-6)?
67
Suppose -95423 = -91*t + 232541. What are the prime factors of t?
2, 17, 53
Suppose -2*b - 52 = -x + 287, -681 = 4*b - 3*x. Let p = -30 - b. What are the prime factors of p?
2, 3, 23
Suppose 0 = 164*r - 171*r + 721. What are the prime factors of r?
103
Suppose 2*z - 35*g = -27*g + 3258, -3*z - 4*g = -4839. List the prime factors of z.
3, 7, 11
Let y(x) = -16*x + 49. Let z(a) = a + 2. Let v(d) = -y(d) + 6*z(d). What are the prime factors of v(9)?
7, 23
Let q be ((-48)/42)/(8/(-28)). Suppose 3*h - q*h - 3*j - 6 = 0, -2*h - j + 13 = 0. List the prime factors of h.
3
Suppose -12 = -n - 2*j - j, 0 = 2*n - 3*j + 12. Suppose n = -2*h - 38 - 22. What are the prime factors of (-2205)/h + 1/(-2)?
73
Let t = -400 - -497. Suppose u + 29 = -3*w, w + 16 = -4*u - 45. Let o = u + t. What are the prime factors of o?
83
Suppose -5959*g + 5979*g - 515500 = 0. What are the prime factors of g?
5, 1031
Let k(c) = 428*c**3 + 3*c**2 + 4*c + 1. Let m be k(-1). List the prime factors of 2/(10/5) -